se 7?
2206
What is 307 (base 11) in base 7?
1036
Convert -234 (base 10) to base 6.
-1030
-9746 (base 10) to base 15
-2d4b
3003 (base 6) to base 12
463
-2112 (base 6) to base 14
-260
What is d8 (base 15) in base 7?
410
What is 20105 (base 7) in base 10?
4856
24240 (base 5) to base 2
11100011100
What is -200112122 (base 3) in base 14?
-4cd7
-100011000111011 (base 2) to base 6
-215123
Convert 6b20 (base 14) to base 3.
221120200
31332 (base 4) to base 11
743
What is -10111002 (base 3) in base 16?
-9ec
What is -a67 (base 15) in base 6?
-14511
What is -1100201011 (base 3) in base 14?
-9a77
Convert 3223 (base 15) to base 6.
121040
Convert -3531 (base 16) to base 13.
-6276
Convert 2718 (base 9) to base 7.
5645
What is 20755 (base 8) in base 7?
34215
Convert 110011101000011 (base 2) to base 5.
1321220
What is -111011101101101 (base 2) in base 3?
-1112221100
What is -a05a (base 11) in base 15?
-3e6a
Convert 232025 (base 6) to base 15.
5d5e
1011111000101 (base 2) to base 12
3631
Convert -8426 (base 10) to base 2.
-10000011101010
121322 (base 4) to base 6
11402
What is -965 (base 10) in base 3?
-1022202
What is -131 (base 11) in base 2?
-10011011
What is -3b69 (base 13) in base 4?
-2011121
Convert -10001010001 (base 2) to base 10.
-1105
Convert 208 (base 10) to base 14.
10c
What is 21202 (base 4) in base 6?
2454
Convert -387c (base 13) to base 3.
-102001000
What is 210111 (base 3) in base 12?
404
What is b76e (base 15) in base 11?
27177
-384 (base 15) to base 5
-11144
What is -3354 (base 11) in base 13?
-2018
Convert 970 (base 14) to base 3.
2112222
Convert -1000001000 (base 2) to base 5.
-4040
What is 11111122 (base 3) in base 4?
303110
Convert b93 (base 15) to base 8.
5065
What is 1531 (base 6) in base 9?
511
36611 (base 7) to base 2
10010101011011
-f13 (base 16) to base 8
-7423
Convert -2212011 (base 3) to base 7.
-6034
Convert 1a7 (base 11) to base 2.
11101110
What is 1b95 (base 14) in base 16?
13a7
What is -11883 (base 12) in base 16?
-5ca3
Convert -30211 (base 4) to base 12.
-571
Convert -84 (base 9) to base 14.
-56
Convert -11033 (base 15) to base 6.
-1054120
Convert -6572 (base 8) to base 10.
-3450
What is 251400 (base 7) in base 11?
31752
What is 2232134 (base 5) in base 9?
60366
-2201 (base 11) to base 3
-10222121
-268 (base 11) to base 2
-100111100
Convert 2320112 (base 4) to base 9.
17158
Convert 142234 (base 5) to base 4.
1130320
What is -bb3a (base 14) in base 9?
-48381
49 (base 11) to base 6
125
Convert 101101010000 (base 2) to base 10.
2896
What is 15757 (base 10) in base 5?
1001012
ca6a (base 15) to base 14
1188a
9a5 (base 11) to base 5
14304
Convert 1000100110 (base 2) to base 11.
460
What is 1219 (base 16) in base 12?
2821
Convert -749 (base 16) to base 10.
-1865
What is -4325 (base 6) in base 12?
-6a5
-10a9 (base 14) to base 12
-1811
-107 (base 13) to base 8
-260
Convert -11011010010 (base 2) to base 10.
-1746
-131112 (base 5) to base 12
-2b99
Convert 330115 (base 6) to base 13.
c542
1013233 (base 4) to base 3
20022001
-1201121 (base 4) to base 2
-1100001011001
4043 (base 16) to base 11
113a6
Convert 15336 (base 7) to base 10.
4290
2326 (base 7) to base 6
3541
What is -280 (base 9) in base 12?
-176
What is -10101100 (base 2) in base 13?
-103
Convert 38508 (base 10) to base 6.
454140
-13458 (base 11) to base 10
-19181
What is 12231 (base 10) in base 16?
2fc7
What is -399 (base 15) in base 5?
-11234
Convert 284 (base 13) to base 14.
23c
What is 105 (base 7) in base 12?
46
Convert -433 (base 9) to base 16.
-162
2101 (base 6) to base 11
397
What is 1019 (base 13) in base 16?
8ab
What is 1675 (base 12) in base 7?
10550
What is -10e5c (base 15) in base 4?
-31021212
What is 5206 (base 12) in base 6?
105210
-1108 (base 11) to base 4
-112310
What is 22212 (base 4) in base 5?
10203
Convert -1103230 (base 4) to base 5.
-132411
-23246 (base 7) to base 8
-13513
What is -6426 (base 10) in base 15?
-1d86
44a0 (base 14) to base 5
340100
What is 30151 (base 8) in base 5?
344033
Convert 295 (base 14) to base 7.
1345
-426a (base 15) to base 9
-21241
What is -11111010010110 (base 2) in base 10?
-16022
What is -a441 (base 11) in base 3?
-200222120
What is -4289 (base 14) in base 9?
-16675
-1363 (base 12) to base 16
-8bb
What is -18b94 (base 15) in base 16?
-1396f
What is -2236 (base 12) in base 11?
-2932
-1205 (base 7) to base 15
-1eb
Convert 5a (base 11) to base 8.
101
Convert -113 (base 16) to base 3.
-101012
Convert 3bb (base 15) to base 5.
11401
2220423 (base 5) to base 13
148c6
What is -2719 (base 10) in base 13?
-1312
4011 (base 8) to base 14
a6d
What is -b284 (base 12) in base 7?
-110356
Convert 537 (base 13) to base 15.
3e6
What is 3542 (base 9) in base 6?
20102
What is -806 (base 13) in base 2?
-10101001110
Convert 28a79 (base 11) to base 7.
231123
7657 (base 8) to base 13
1a9b
-77443 (base 8) to base 15
-999c
Convert -6547 (base 9) to base 12.
-295a
4232 (base 6) to base 7
2534
5c85 (base 13) to base 8
31502
What is 363 (base 13) in base 15?
293
-31201033 (base 4) to base 8
-154117
-171 (base 13) to base 16
-105
155 (base 10) to base 14
b1
24505 (base 6) to base 5
104031
157 (base 16) to base 3
110201
Convert -3414 (base 10) to base 13.
-1728
4554 (base 7) to base 6
11400
What is 16112 (base 8) in base 13?
33b1
Convert -229 (base 14) to base 3.
-120220
-146 (base 14) to base 13
-16b
Convert -2202212 (base 3) to base 2.
-11111100101
-30 (base 15) to base 7
-63
What is 1494 (base 11) in base 16?
77e
-22042 (base 6) to base 7
-11615
Convert 535054 (base 6) to base 14.
11dc6
What is 121432 (base 6) in base 7?
43223
1273 (base 8) to base 7
2016
What is 373 (base 8) in base 16?
fb
Convert 101221 (base 3) to base 6.
1211
What is -104232 (base 6) in base 15?
-28c2
Convert 4120 (base 10) to base 16.
1018
-278 (base 15) to base 9
-685
Convert 111212 (base 3) to base 13.
22a
Convert -102 (base 4) to base 16.
-12
What is 460 (base 7) in base 6?
1034
What is 2200 (base 3) in base 11?
66
What is 345 (base 10) in base 14?
1a9
Convert -5083 (base 15) to base 10.
-16998
-199 (base 16) to base 11
-342
Convert -17874 (base 10) to base 4.
-10113102
What is 302 (base 9) in base 5?
1440
What is 6133 (base 8) in base 15?
e0d
875 (base 9) to base 14
392
Convert 2177 (base 9) to base 8.
3111
Convert -13861 (base 9) to base 11.
-7112
What is -3261 (base 7) in base 2?
-10010010010
What is 52232 (base 7) in base 3?
122120112
-adc (base 14) to base 7
-6165
What is -23001 (base 4) in base 14?
-385
What is 21411 (base 6) in base 16?
b8f
Convert 3146 (base 14) to base 7.
33516
-20202102 (base 3) to base 8
-11475
Convert -11522 (base 8) to base 13.
-2336
What is -124a (base 16) in base 12?
-2862
3656 (base 8) to base 10
1966
What is -4623 (base 10) in base 8?
-11017
What is -1366 (base 9) in base 6?
-4440
-2121202 (base 3) to base 9
-2552
11362 (base 12) to base 15
6c15
What is -10001100000 (base 2) in base 16?
-460
1e2 (base 16) to base 8
742
Convert e3 (base 16) to base 7.
443
111110011100000 (base 2) to base 10
31968
Convert -352d (base 15) to base 12.
-6651
What is -100110010 (base 2) in base 16?
-132
What is 107 (base 8) in base 9?
78
-d97 (base 15) to base 10
-3067
What is 1119 (base 10) in base 15?
4e9
-1cb9 (base 13) to base 4
-1010121
What is -205426 (base 7) in base 16?
-8ad9
Convert 1200102100 (base 3) to base 7.
165351
Convert 5294 (base 11) to base 8.
15530
Convert 2405 (base 8) to base 11.
a69
What is 331 (base 11) in base 3?
112201
-30021112 (base 4) to base 11
-34418
What is 641 (base 13) in base 15?
4b2
Convert 2a64 (base 11) to base 15.
127c
Convert -1316 (base 7) to base 6.
-2155
Convert 4022 (base 5) to base 15.
242
What is 3024 (base 5) in base 11?
324
1121210100 (base 3) to base 4
13302303
Convert -111 (base 13) to base 15.
-c3
What is -383a (base 11) in base 7?
-20406
What is -10001010011000 (base 2) in base 10?
-8856
-6432 (base 10) to base 2
-1100100100000
aa1b (base 15) to base 8
106272
Convert 6e71 (base 15) to base 3.
1012020121
11111110 (base 3) to base 16
ccf
Convert -6736 (base 14) to base 4.
-10113130
18851 (base 11) to base 3
1100002120
10101011001111111 (base 2) to base 7
513424
30156 (base 8) to base 7
51101
Convert 13101321 (base 4) to base 7.
152634
1202220 (base 3) to base 12
8b9
What is 3163 (base 11) in base 2?
1000001010111
-11010010